3*m + q = 26*m. What is the units digit of m?
4
Let l be 28/6 - 7/(-21). Suppose -9*j + 48 = -l*j. What is the units digit of (-2)/3 + 116/j?
9
Let s(a) = a**3 + a + 1. Let v be s(0). Suppose v = 4*x - n, x - n = 5 - 4. Suppose 3*r + 217 = 4*h, x = -4*h + 2*r + 67 + 155. What is the tens digit of h?
5
Suppose 8*x - 190 = -582. Let p = x - -71. What is the units digit of p?
2
Suppose -3*j - 55*n = -60*n - 14429, 5*j - 24007 = -2*n. What is the units digit of j?
3
Let m = 498 + -278. Let b = m - 146. What is the tens digit of b?
7
Suppose 0 = 2*y + y - 186. Suppose -5*m + 4*p = -y - 86, -3*p - 6 = 0. What is the tens digit of m?
2
Let d = 86 + -59. Suppose 2*j + 3*f = 49 - 4, 4*j + 2*f = 78. Suppose -5*l + j = -d. What is the units digit of l?
9
Let r(d) = 4*d**2 + 18*d - 29. What is the hundreds digit of r(21)?
1
Suppose 1 = -c + 2*c + l, l = 5. Suppose 0 = -4*n - 2*a + 6, 4*n - 5*a - 11 = n. What is the tens digit of (c - -7) + 90/n?
4
Suppose -2*f + 5 = s, 5*s = 5*f - 3 + 28. Suppose s*m - 16 = -3*q + 94, -q = m - 36. What is the tens digit of q?
3
Let t(o) = -o + 1. Let u be t(-1). Suppose 2*h + 70 = 5*i + u, -i + 24 = -3*h. What is the tens digit of i?
1
Suppose 9*w - 205 = -7. Suppose 17*y - w*y = -35. What is the units digit of y?
7
Suppose -2*h + 27 = -229. What is the units digit of h?
8
Suppose -w + 3*w + 24 = 0. Let p = 48 - w. What is the units digit of p?
0
Suppose -10*k + 265 + 425 = 0. Suppose 141 = 6*h - k. What is the units digit of h?
5
Let w = -1033 - -2749. Suppose -9*z + w = 2*z. What is the hundreds digit of z?
1
Let z = 660 + -208. Suppose 114 = -2*r + z. What is the tens digit of r?
6
Suppose 38127 = 27*k - 34503. What is the thousands digit of k?
2
Let y(a) = -a - 4. Let x be y(-10). What is the units digit of (x/(-8) + 4)*8?
6
Suppose 24*u = -42*u + 85866. What is the units digit of u?
1
Suppose 0 = -3*i + l + 135, 5*i + 2*l + 0*l - 236 = 0. What is the units digit of i?
6
Let z(g) = -2*g**3 - 3*g**2 + 5*g + 2. Let p = -6 - -9. Let a be z(p). What is the units digit of (a/5)/(1/(-5))?
4
Suppose 3*j + 5*r - 1014 = j, -5*r = 0. Suppose 3*m + 6*a = 3*a + j, -m + 159 = 3*a. What is the tens digit of m?
7
Let m be ((-642)/9*-3)/(-2). Let a = -62 - m. What is the units digit of a?
5
Suppose j = -2, 3*k + 0*j = -2*j + 6308. What is the units digit of k?
4
Let m(w) = w**2 - 18*w + 1. Let n be m(18). What is the tens digit of 9/6*-2*(-21)/n?
6
Let m be 30512/240 - 4/30. What is the hundreds digit of m/(3 - (-2 - -4))?
1
Let k be (-1)/3 - (-786)/9. Let p = 229 - k. What is the units digit of p?
2
Let r be (12/42)/(1/7) - 9. What is the units digit of r - 3726/(-45) - 1/(-5)?
6
Suppose -3*z + 15 = -4*t, -3*t - 11 = -z - z. What is the units digit of (-16)/(z*(-2)/8)?
4
Suppose -137 = -x - 17. Suppose -121*b + x*b = -46. What is the tens digit of b?
4
Suppose -2*t + 0 = 4. Let i be -2 + 0/(-3) - t. Suppose 0 = -3*v - 4*f + 40, 36 = 5*v - i*v - f. What is the units digit of v?
8
Suppose -b + 10 = r, -r + 7 + 7 = -b. Let p be 3/(-9) + (-2)/(-6). Let v = r - p. What is the units digit of v?
2
Let a be 2 + -1 - 4/(-2). Suppose 2*f = a*s + 5*f - 303, -2*f = -5*s + 498. What is the hundreds digit of s?
1
What is the hundreds digit of ((-1952)/(-6))/(10/30)?
9
Suppose -60*k + 97172 = 8*k. What is the tens digit of k?
2
Suppose 4*a - 5*g - 4788 = 0, -4780 = -3*a - a + 3*g. What is the hundreds digit of a?
1
Let f(c) = 4 + 13 - 3 - c. What is the units digit of f(-4)?
8
Suppose -2 = -y, -5*s + 3*s - 4*y = -1458. What is the units digit of s?
5
Suppose 5*k + 253 = 3*m - 97, -k - 120 = -m. Suppose -5*r + 3*h = -2*h - m, 5*r = h + 137. What is the tens digit of r?
2
Let s(f) = f**3 + f - 4. Let k be s(0). What is the units digit of 0 + (k + 27 - -3)?
6
Let q = 1063 + -309. What is the units digit of q?
4
What is the units digit of 2/(-6) + 14201/33?
0
Suppose -89*q + 128257 = -24111. What is the tens digit of q?
1
Let t = 3 + 2. Let i(o) = 9 + o**3 - 7 + 2*o - t. What is the tens digit of i(3)?
3
Let b(h) = 4 - 7 - 19*h - 2. Let d be b(-4). Suppose -4 - d = -3*j. What is the tens digit of j?
2
What is the hundreds digit of (24384/(-240))/((-2)/15) - -2?
7
Let o = 1248 + -645. What is the hundreds digit of o?
6
Suppose -86 = -2*l - 0. Suppose 5*d + 18 = 4*w - l, -d - 71 = -5*w. Suppose 4*r - 60 = -3*a, 2*r - 18 = -2*a + w. What is the units digit of r?
2
Let l be (1/2*3)/(9/24). Suppose 22 = 4*p + 5*y, 5*p - 6*y - 50 = -y. Suppose 7 = 4*u + 3*g, p = -u + 5*u + l*g. What is the units digit of u?
1
Suppose -2 = p + 2*s, -4*p - p = -3*s - 3. Suppose 4*d - 3*b - 379 = -p*b, -2*b = -d + 96. What is the units digit of d?
4
Suppose 0 = -4*t, 9*t + 1988 = 2*c + 10*t. What is the tens digit of c?
9
Suppose -2*l - 20 = -5*c + 52, 5*c - 66 = -4*l. Suppose -11*t - 426 = -c*t. What is the tens digit of t?
4
Let y(n) = 0*n + 2*n - 3*n + 8 + 3*n. Let k be y(-5). What is the units digit of 8/(-4) - 94/k?
5
Let l(g) = -3*g**3 - 16*g + 7 + g**3 + g**3 - 5*g**2 - 4*g**2. What is the units digit of l(-7)?
1
Let c(b) = b**2 + 7*b - 9. Let a be 5/20 + 87/(-12). Let v be c(a). Let l = 13 + v. What is the units digit of l?
4
Let t be (-4)/18 + 1268/36. Suppose 25 = r - t. What is the units digit of r?
0
Suppose -5220 = -5*v - 5*j, 48*v = 50*v + 4*j - 2096. What is the units digit of v?
0
Let o(f) = 3580*f - 98. What is the hundreds digit of o(1)?
4
Suppose -152 + 1925 = 5*x - z, -1414 = -4*x + 3*z. Let t = x - 220. What is the hundreds digit of t?
1
Suppose -h + 0*h - 3*s = -19, 4*s - 28 = -2*h. Suppose -6*x + 13 - 1 = 0. Suppose 3*d = x*g - 19, -3*d + 53 = 4*g - h*d. What is the units digit of g?
4
Suppose -4*q - 85 + 61 = 0. What is the units digit of (1*q/4)/(3/(-22))?
1
What is the units digit of 329 - (-6 + -4 + 4)?
5
What is the units digit of (5721/(-9))/(88/(-12) + 7)?
7
Let f = -99 - -111. What is the tens digit of (-1191)/(-12) + (-3)/f?
9
Suppose 184 = 2*k - 634. Suppose -5*t + 520 = -3*o - o, 0 = 3*o + t + k. What is the tens digit of ((-8)/10)/(3/o)?
3
What is the hundreds digit of 52668/58 - 16/232?
9
Let d(g) = -2*g - 7. Let h be d(-3). What is the tens digit of (74 + -12)/(h + 3)?
3
Let c(l) = -3*l**2 - 14*l - 20. Let m(n) = 10*n**2 + 42*n + 61. Let w(k) = -7*c(k) - 2*m(k). What is the units digit of w(-17)?
9
Suppose -7*i = -4*i - 15. What is the tens digit of (780/50)/(1/i) - 0?
7
Let f(u) = 2*u**3 - 4*u**2 - 2*u + 3. Let x be 7 - 0 - (-3 + 2). Let l be 33/12 + 2/x. What is the units digit of f(l)?
5
Let m(o) be the first derivative of -o**3/3 + 3*o**2 + 5*o - 4. Let v be m(6). Suppose v*r - 3*f - 84 = 8, 5*r - 100 = 5*f. What is the tens digit of r?
1
Let r(x) = -2*x - 6. Suppose 5*s = 4*v - v - 4, -5*s + 3 = -4*v. What is the units digit of r(v)?
8
Let d = -8 + 6. Let m be (-10)/((-24)/10 - d). Suppose -m = -12*y + 11*y. What is the tens digit of y?
2
Let s(l) = 5*l**2 + 10*l - 1. Let n be s(3). Let p = 163 - n. What is the tens digit of p?
8
Let s = 525 - 270. What is the units digit of s?
5
Suppose 16*v - 2800 = 192. What is the units digit of v?
7
Let g(r) = 4*r - 3 - 4 + r + 2*r. Let z be g(5). Suppose -3*w + m = -w - 63, w = 4*m + z. What is the tens digit of w?
3
Let y(s) = 942*s + 233. What is the units digit of y(4)?
1
Let y be (2 + -5)/(12/(-20)). Suppose -y*v + 2*v - k + 5 = 0, -4*k + 4 = -4*v. Let f(q) = 36*q + 1. What is the tens digit of f(v)?
3
Let g = 278 + 232. What is the units digit of g?
0
Let s = -31 - -68. Suppose 0 = 3*j + 5*x - s - 22, 4*j - 71 = x. What is the tens digit of j?
1
Suppose 3*y - 794 = 2*d, 3*y - 626 = -3*d + 163. What is the tens digit of y?
6
Let j be 2*(-2)/12*(52 - -5). What is the tens digit of (-5 - j/4)*-116?
2
Let o(m) = m**3 - 16*m**2 - 17*m + 8. Suppose 5*b = 14 + 71. What is the units digit of o(b)?
8
Suppose -43*b = -11*b - 75616. What is the hundreds digit of b?
3
Suppose -2*g + 2*o = -106, -2*g + 3*g - 57 = -o. Suppose -7*z = -12*z + g. What is the units digit of z?
1
Suppose 30 - 9 = 7*d. Suppose -d*m - 2*m + 340 = -y, -5*m + 335 = -2*y. What is the tens digit of m?
6
Suppose -v = 2*v + 450. What is the hundreds digit of -5 - v - 6/(-2*1)?
1
Suppose 5*g + s = 4056, 5*g - 103*s - 4076 = -99*s. What is the hundreds digit of g?
8
Suppose 243 = -9*g + 8*g. Let b = 410 + g. What is the tens digit 